{"id":2,"date":"2008-11-18T12:40:27","date_gmt":"2008-11-18T12:40:27","guid":{"rendered":"http:\/\/www.inbocca-lupo.de\/?page_id=2"},"modified":"2011-08-01T12:01:32","modified_gmt":"2011-08-01T12:01:32","slug":"ueber","status":"publish","type":"page","link":"https:\/\/www.inbocca-lupo.de\/index.php\/ueber\/","title":{"rendered":"Impressum"},"content":{"rendered":"<p><img loading=\"lazy\" decoding=\"async\" class=\"alignnone size-medium wp-image-25\" title=\"impressum\" src=\"http:\/\/www.inbocca-lupo.de\/impressum.jpg\" alt=\"\" width=\"400\" height=\"400\" \/><\/p>\n<div style=\"clear:left;\">&nbsp;<\/div>\n<p>Das Design wurde von Dreamtemplate.com erworben.<\/p>\n<p><strong>Wichtige allgemeine und rechtliche Hinweise<\/strong><\/p>\n<p><strong>1.<\/strong> Diese Seite ist f\u00fcr jeden frei zug\u00e4nglich und enth\u00e4lt keinerlei indiziertes Material.<\/p>\n<p><strong>2.<\/strong> Durch die reine Nutzung meiner Internet-Seite kommt keinerlei Vertragsverh\u00e4ltnis zwischen dem Nutzer und mir zustande.<\/p>\n<p><strong>3.<\/strong> Die Inhalte meiner Internet-Seite werden mit gr\u00f6\u00dftm\u00f6glicher Sorgfalt erstellt, jedoch ohne Gew\u00e4hr f\u00fcr Richtigkeit, Vollst\u00e4ndigkeit und Aktualit\u00e4t. Alle Angaben erfolgen nach bestem Wissen aber ohne jegliche Gew\u00e4hr und ohne jegliche Haftung meinerseits f\u00fcr die Verwendung von Anregungen, Tipps und Angaben irgendwelcher Art.<\/p>\n<p><strong>Die Nutzung meiner Internet-Seite erfolgt auf eigene Gefahr des Nutzers.<\/strong><\/p>\n<p><strong>4.<\/strong> Irrt\u00fcmer und Druckfehler vorbehalten! (Korrekturhinweise sind willkommen und erw\u00fcnscht!)<\/p>\n<p><strong>5.<\/strong> Beitr\u00e4ge geben lediglich die Meinung des jeweiligen Autors wieder.<\/p>\n<p><strong>6.<\/strong> Soweit Markennamen und gesch\u00fctzte Warenzeichen (von mir meist mit &#8220;\u00ae&#8221; gekennzeichnet) verwendet werden, dient dies lediglich beschreibend, zur Identifizierung der beschriebenen Sachen oder Dienstleistungen, jedoch niemals in der Absicht, bestehende Schutzrechte zu ignorieren.<\/p>\n<p>Alle Markennamen und Warenzeichen sind Eigentum der jeweiligen Rechteinhaber.<\/p>\n<p><strong>7.<\/strong> Ich bem\u00fche mich stets, die Rechte anderer zu beachten. Eine Gew\u00e4hr daf\u00fcr, dass Seiteninhalte frei von Rechten anderer sind, kann jedoch nicht \u00fcbernommen werden.<\/p>\n<p>Sollte sich jemand durch Inhalte meiner Seiten in seinen Rechten &#8211; gleich welcher Art &#8211; verletzt sehen, bitte ich um unverz\u00fcgliche Nachricht, um mir die Gelegenheit zu geben, die entsprechenden Inhalte zu l\u00f6schen.<\/p>\n<p><strong>8.<\/strong> Ich hafte nicht f\u00fcr die ungepr\u00fcfte Weiterverwendung irgendwelcher Seiteninhalte!<\/p>\n<p><strong>9.<\/strong> Bitte mein gesetzlich bestehendes Urheber- und Leistungsschutzrecht an den Seiteninhalten und Gestaltungsformen beachten, die &#8211; sofern nicht anders gekennzeichnet &#8211; mein geistiges Eigentum darstellen!<\/p>\n<p>Die beabsichtigte (auch auszugsweise) Weiterverwendung meiner eigenen Seiteninhalte ist vorher schriftlich mit mir abzukl\u00e4ren. Dies gilt insbesondere f\u00fcr Vervielf\u00e4ltigung, Bearbeitung, \u00dcbersetzung, Einspeicherung, Verarbeitung bzw. Wiedergabe von Inhalten in Datenbanken oder anderen elektronischen Medien und Systemen.<\/p>\n<p>Die unerlaubte Vervielf\u00e4ltigung oder Weitergabe einzelner Inhalte oder kompletter Seiten ist nicht gestattet und strafbar.<\/p>\n<p>Einzelne Kopien und Downloads f\u00fcr den pers\u00f6nlichen, privaten und nicht kommerziellen Gebrauch sind erlaubt.<\/p>\n<p><strong>10.<\/strong> Ich freue mich, wenn Links auf meine Seite geschaltet werden und gestatte diese gerne, sofern sie nicht kommerziellen Zwecken dienen, bitte aber um Benachrichtigung dar\u00fcber, damit ich Ver\u00e4nderungen der Seitenstrukturen, Dateinamen usw. mitteilen kann, um Links &#8220;ins Leere&#8221; zu vermeiden.<\/p>\n<p>Au\u00dferdem empfehle ich, nur auf die jeweilige Themen-Hauptseite zu linken, weil die einzelnen Unterseiten hinsichtlich Existenz und Dateiname jederzeit ge\u00e4ndert werden k\u00f6nnen.<\/p>\n<p>Links auf meine Seiten m\u00fcssen im Vollbildfenster erscheinen; die Einbindung in Rahmen (Frames) ist nicht gestattet, damit nicht der Eindruck entsteht, meine Seite sei Bestandteil einer anderen Homepage, und damit die Seitenstruktur nicht ver\u00e4ndert wird.<\/p>\n<p><strong>11.<\/strong> Sofern meine Seite Links zu fremden Internet-Seiten (externe Links) enthalten, habe ich die fremden Inhalte bei der erstmaligen Verkn\u00fcpfung einmal daraufhin \u00fcberpr\u00fcft, ob etwaige Rechtsverst\u00f6\u00dfe bestehen. Dabei waren keine Rechtsverst\u00f6\u00dfe ersichtlich.<\/p>\n<p>Die fremden Websites unterliegen der Haftung der jeweiligen Betreiber. Ich habe keinen Einfluss auf die Inhalte der verkn\u00fcpften Seiten und mache mir die hinter dem Verweis oder Link liegenden Inhalte nicht zu Eigen.<\/p>\n<p>Daher distanziere ich mich ausdr\u00fccklich von den Inhalten aller fremden Seiten, die ggf. \u00fcber Links von meinen Seiten aus erreicht werden k\u00f6nnen und schlie\u00dfe hiermit jegliche Verantwortung und Haftung f\u00fcr fremde Inhalte ausdr\u00fccklich aus!<\/p>\n<p>Eine st\u00e4ndige Kontrolle der externen Links ist f\u00fcr mich nicht zumutbar, es sei denn, es g\u00e4be konkrete Hinweise auf Rechtsverst\u00f6\u00dfe. Sobald ich Kenntnis von Rechtsverst\u00f6\u00dfen in externen Links erhalten habe, werde ich diese Links unverz\u00fcglich l\u00f6schen.<\/p>\n<p><strong>12.<\/strong> Ich bitte darum, mir ins Leere f\u00fchrende Links mit genauer Seitenangabe (URL) zu melden, damit ich sie aktualisieren oder l\u00f6schen kann. Vielen Dank.<\/p>\n<p><strong>13.<\/strong> Durch den Besuch meiner Internet-Seiten k\u00f6nnen Informationen \u00fcber den Zugriff (Datum, Uhrzeit, betrachtete Seite) gespeichert werden. Diese Daten sind anonymisiert und geh\u00f6ren nicht zu den personenbezogenen Daten. Sie werden ausschlie\u00dflich statistisch ausgewertet; eine Weitergabe an Dritte erfolgt nicht.<\/p>\n<p><strong>14.<\/strong> Ich weise ausdr\u00fccklich darauf hin, dass die Daten\u00fcbertragung im Internet (z. B. bei der Kommunikation per E-Mail) Sicherheitsl\u00fccken aufweisen und nicht vollst\u00e4ndig vor dem Zugriff durch Dritte gesch\u00fctzt werden kann.<\/p>\n<p><strong>15.<\/strong> Sofern auf meiner Internet-Seite besondere Bedingungen gelten, wird an den entsprechenden Stellen ausdr\u00fccklich darauf hingewiesen.<\/p>\n<p><strong>16.<\/strong>Aufgrund von zahlreichen Spam Attacken war ich gezwungen, die Impressumsdaten als Grafik zu hinterlegen.<\/p>\n","protected":false},"excerpt":{"rendered":"<p>&nbsp; Das Design wurde von Dreamtemplate.com erworben. Wichtige allgemeine und rechtliche Hinweise 1. Diese Seite ist f\u00fcr jeden frei zug\u00e4nglich und enth\u00e4lt keinerlei indiziertes Material. 2. Durch die reine Nutzung meiner Internet-Seite kommt keinerlei Vertragsverh\u00e4ltnis zwischen dem Nutzer und mir zustande. 3. Die Inhalte meiner Internet-Seite werden mit gr\u00f6\u00dftm\u00f6glicher Sorgfalt erstellt, jedoch ohne Gew\u00e4hr f\u00fcr [&hellip;]<\/p>\n","protected":false},"author":1,"featured_media":0,"parent":0,"menu_order":0,"comment_status":"open","ping_status":"open","template":"","meta":{"footnotes":""},"class_list":["post-2","page","type-page","status-publish","hentry"],"aioseo_notices":[],"_links":{"self":[{"href":"https:\/\/www.inbocca-lupo.de\/index.php\/wp-json\/wp\/v2\/pages\/2","targetHints":{"allow":["GET"]}}],"collection":[{"href":"https:\/\/www.inbocca-lupo.de\/index.php\/wp-json\/wp\/v2\/pages"}],"about":[{"href":"https:\/\/www.inbocca-lupo.de\/index.php\/wp-json\/wp\/v2\/types\/page"}],"author":[{"embeddable":true,"href":"https:\/\/www.inbocca-lupo.de\/index.php\/wp-json\/wp\/v2\/users\/1"}],"replies":[{"embeddable":true,"href":"https:\/\/www.inbocca-lupo.de\/index.php\/wp-json\/wp\/v2\/comments?post=2"}],"version-history":[{"count":5,"href":"https:\/\/www.inbocca-lupo.de\/index.php\/wp-json\/wp\/v2\/pages\/2\/revisions"}],"predecessor-version":[{"id":208,"href":"https:\/\/www.inbocca-lupo.de\/index.php\/wp-json\/wp\/v2\/pages\/2\/revisions\/208"}],"wp:attachment":[{"href":"https:\/\/www.inbocca-lupo.de\/index.php\/wp-json\/wp\/v2\/media?parent=2"}],"curies":[{"name":"wp","href":"https:\/\/api.w.org\/{rel}","templated":true}]}}